{"id":145,"date":"2020-02-21T06:12:38","date_gmt":"2020-02-21T09:12:38","guid":{"rendered":"https:\/\/paratyplacas.com\/?page_id=145"},"modified":"2025-08-05T14:29:30","modified_gmt":"2025-08-05T17:29:30","slug":"placas","status":"publish","type":"page","link":"https:\/\/paratyplacas.com\/?page_id=145","title":{"rendered":"Placas Mercosul"},"content":{"rendered":"\n<h3 class=\"wp-block-heading\"><strong>MOTOS<\/strong><\/h3>\n\n\n\n<div class=\"wp-block-group\"><div class=\"wp-block-group__inner-container is-layout-flow wp-block-group-is-layout-flow\"><div class=\"wp-block-image is-style-default\">\n<figure class=\"aligncenter size-large\"><img loading=\"lazy\" decoding=\"async\" width=\"600\" height=\"359\" src=\"https:\/\/paratyplacas.com\/wp-content\/uploads\/2021\/01\/placa-mercosul-moto.jpg\" alt=\"\" class=\"wp-image-289\" srcset=\"https:\/\/paratyplacas.com\/wp-content\/uploads\/2021\/01\/placa-mercosul-moto.jpg 600w, https:\/\/paratyplacas.com\/wp-content\/uploads\/2021\/01\/placa-mercosul-moto-300x180.jpg 300w, https:\/\/paratyplacas.com\/wp-content\/uploads\/2021\/01\/placa-mercosul-moto-240x145.jpg 240w\" sizes=\"auto, (max-width: 600px) 100vw, 600px\" \/><\/figure>\n<\/div><\/div><\/div>\n\n\n\n<h4 class=\"wp-block-heading has-text-align-center\"><strong>01 (uma) Placa<\/strong><\/h4>\n\n\n\n<h3 class=\"wp-block-heading has-text-align-center\"><strong><mark style=\"background-color:rgba(0, 0, 0, 0)\" class=\"has-inline-color has-vivid-cyan-blue-color\">R$ 210,00 <\/mark><\/strong> <mark style=\"background-color:rgba(0, 0, 0, 0)\" class=\"has-inline-color has-cyan-bluish-gray-color\">(\u00e0 vista)<\/mark><\/h3>\n\n\n\n<h4 class=\"wp-block-heading has-text-align-center\">Ou em 0<span class=\"has-inline-color has-black-color\">2 Parcelas <\/span><span class=\"has-inline-color has-cyan-bluish-gray-color\">(com juros)<\/span><\/h4>\n\n\n<hr>\n\n\n<h3 class=\"wp-block-heading\"><strong>AUTOM\u00d3VEIS<\/strong><\/h3>\n\n\n\n<figure class=\"wp-block-gallery has-nested-images columns-default is-cropped wp-block-gallery-1 is-layout-flex wp-block-gallery-is-layout-flex\">\n<figure class=\"wp-block-image size-large\"><img loading=\"lazy\" decoding=\"async\" width=\"1024\" height=\"380\" data-id=\"375\" src=\"https:\/\/paratyplacas.com\/wp-content\/uploads\/2021\/02\/PLACA-MERCOSUL-1024x380.jpg\" alt=\"\" class=\"wp-image-375\" srcset=\"https:\/\/paratyplacas.com\/wp-content\/uploads\/2021\/02\/PLACA-MERCOSUL-1024x380.jpg 1024w, https:\/\/paratyplacas.com\/wp-content\/uploads\/2021\/02\/PLACA-MERCOSUL-300x111.jpg 300w, https:\/\/paratyplacas.com\/wp-content\/uploads\/2021\/02\/PLACA-MERCOSUL-768x285.jpg 768w, https:\/\/paratyplacas.com\/wp-content\/uploads\/2021\/02\/PLACA-MERCOSUL.jpg 1400w\" sizes=\"auto, (max-width: 1024px) 100vw, 1024px\" \/><\/figure>\n<\/figure>\n\n\n\n<h4 class=\"wp-block-heading has-text-align-center\"><strong>01 (um<\/strong>) <strong>Par de placas<\/strong><\/h4>\n\n\n\n<h3 class=\"wp-block-heading has-text-align-center\"><strong><mark style=\"background-color:rgba(0, 0, 0, 0)\" class=\"has-inline-color has-vivid-cyan-blue-color\"> R$ 310,00 <\/mark><\/strong>  <mark style=\"background-color:rgba(0, 0, 0, 0)\" class=\"has-inline-color has-cyan-bluish-gray-color\">(\u00e0 vista)<\/mark> <\/h3>\n\n\n\n<h4 class=\"wp-block-heading has-text-align-center\">Ou em <span class=\"has-inline-color has-black-color\">02 Parcelas <\/span><span class=\"has-inline-color has-cyan-bluish-gray-color\">(com juros)<\/span><\/h4>\n\n\n\n<div class=\"wp-block-group\"><div class=\"wp-block-group__inner-container is-layout-flow wp-block-group-is-layout-flow\"><\/div><\/div>\n\n\n\n<p><\/p>\n","protected":false},"excerpt":{"rendered":"<p>MOTOS 01 (uma) Placa R$ 210,00 (\u00e0 vista) Ou em 02 Parcelas (com juros) AUTOM\u00d3VEIS 01 (um) Par de placas R$ 310,00 (\u00e0 vista) Ou em 02 Parcelas (com juros)<\/p>\n","protected":false},"author":1,"featured_media":0,"parent":0,"menu_order":0,"comment_status":"closed","ping_status":"closed","template":"","meta":{"footnotes":""},"class_list":["post-145","page","type-page","status-publish","hentry"],"yoast_head":"<!-- This site is optimized with the Yoast SEO plugin v20.0 - https:\/\/yoast.com\/wordpress\/plugins\/seo\/ -->\n<title>Placas Mercosul -<\/title>\n<meta name=\"robots\" content=\"index, follow, max-snippet:-1, max-image-preview:large, max-video-preview:-1\" \/>\n<link rel=\"canonical\" href=\"https:\/\/paratyplacas.com\/?page_id=145\" \/>\n<meta property=\"og:locale\" content=\"pt_BR\" \/>\n<meta property=\"og:type\" content=\"article\" \/>\n<meta property=\"og:title\" content=\"Placas Mercosul -\" \/>\n<meta property=\"og:description\" content=\"MOTOS 01 (uma) Placa R$ 210,00 (\u00e0 vista) Ou em 02 Parcelas (com juros) AUTOM\u00d3VEIS 01 (um) Par de placas R$ 310,00 (\u00e0 vista) Ou em 02 Parcelas (com juros)\" \/>\n<meta property=\"og:url\" content=\"https:\/\/paratyplacas.com\/?page_id=145\" \/>\n<meta property=\"article:modified_time\" content=\"2025-08-05T17:29:30+00:00\" \/>\n<meta property=\"og:image\" content=\"https:\/\/paratyplacas.com\/wp-content\/uploads\/2021\/01\/placa-mercosul-moto.jpg\" \/>\n<meta name=\"twitter:card\" content=\"summary_large_image\" \/>\n<meta name=\"twitter:label1\" content=\"Est. tempo de leitura\" \/>\n\t<meta name=\"twitter:data1\" content=\"1 minuto\" \/>\n<script type=\"application\/ld+json\" class=\"yoast-schema-graph\">{\"@context\":\"https:\/\/schema.org\",\"@graph\":[{\"@type\":\"WebPage\",\"@id\":\"https:\/\/paratyplacas.com\/?page_id=145\",\"url\":\"https:\/\/paratyplacas.com\/?page_id=145\",\"name\":\"Placas Mercosul -\",\"isPartOf\":{\"@id\":\"https:\/\/paratyplacas.com\/#website\"},\"datePublished\":\"2020-02-21T09:12:38+00:00\",\"dateModified\":\"2025-08-05T17:29:30+00:00\",\"inLanguage\":\"pt-BR\",\"potentialAction\":[{\"@type\":\"ReadAction\",\"target\":[\"https:\/\/paratyplacas.com\/?page_id=145\"]}]},{\"@type\":\"WebSite\",\"@id\":\"https:\/\/paratyplacas.com\/#website\",\"url\":\"https:\/\/paratyplacas.com\/\",\"name\":\"\",\"description\":\"\",\"potentialAction\":[{\"@type\":\"SearchAction\",\"target\":{\"@type\":\"EntryPoint\",\"urlTemplate\":\"https:\/\/paratyplacas.com\/?s={search_term_string}\"},\"query-input\":\"required name=search_term_string\"}],\"inLanguage\":\"pt-BR\"}]}<\/script>\n<!-- \/ Yoast SEO plugin. -->","yoast_head_json":{"title":"Placas Mercosul -","robots":{"index":"index","follow":"follow","max-snippet":"max-snippet:-1","max-image-preview":"max-image-preview:large","max-video-preview":"max-video-preview:-1"},"canonical":"https:\/\/paratyplacas.com\/?page_id=145","og_locale":"pt_BR","og_type":"article","og_title":"Placas Mercosul -","og_description":"MOTOS 01 (uma) Placa R$ 210,00 (\u00e0 vista) Ou em 02 Parcelas (com juros) AUTOM\u00d3VEIS 01 (um) Par de placas R$ 310,00 (\u00e0 vista) Ou em 02 Parcelas (com juros)","og_url":"https:\/\/paratyplacas.com\/?page_id=145","article_modified_time":"2025-08-05T17:29:30+00:00","og_image":[{"url":"https:\/\/paratyplacas.com\/wp-content\/uploads\/2021\/01\/placa-mercosul-moto.jpg"}],"twitter_card":"summary_large_image","twitter_misc":{"Est. tempo de leitura":"1 minuto"},"schema":{"@context":"https:\/\/schema.org","@graph":[{"@type":"WebPage","@id":"https:\/\/paratyplacas.com\/?page_id=145","url":"https:\/\/paratyplacas.com\/?page_id=145","name":"Placas Mercosul -","isPartOf":{"@id":"https:\/\/paratyplacas.com\/#website"},"datePublished":"2020-02-21T09:12:38+00:00","dateModified":"2025-08-05T17:29:30+00:00","inLanguage":"pt-BR","potentialAction":[{"@type":"ReadAction","target":["https:\/\/paratyplacas.com\/?page_id=145"]}]},{"@type":"WebSite","@id":"https:\/\/paratyplacas.com\/#website","url":"https:\/\/paratyplacas.com\/","name":"","description":"","potentialAction":[{"@type":"SearchAction","target":{"@type":"EntryPoint","urlTemplate":"https:\/\/paratyplacas.com\/?s={search_term_string}"},"query-input":"required name=search_term_string"}],"inLanguage":"pt-BR"}]}},"_links":{"self":[{"href":"https:\/\/paratyplacas.com\/index.php?rest_route=\/wp\/v2\/pages\/145","targetHints":{"allow":["GET"]}}],"collection":[{"href":"https:\/\/paratyplacas.com\/index.php?rest_route=\/wp\/v2\/pages"}],"about":[{"href":"https:\/\/paratyplacas.com\/index.php?rest_route=\/wp\/v2\/types\/page"}],"author":[{"embeddable":true,"href":"https:\/\/paratyplacas.com\/index.php?rest_route=\/wp\/v2\/users\/1"}],"replies":[{"embeddable":true,"href":"https:\/\/paratyplacas.com\/index.php?rest_route=%2Fwp%2Fv2%2Fcomments&post=145"}],"version-history":[{"count":73,"href":"https:\/\/paratyplacas.com\/index.php?rest_route=\/wp\/v2\/pages\/145\/revisions"}],"predecessor-version":[{"id":429,"href":"https:\/\/paratyplacas.com\/index.php?rest_route=\/wp\/v2\/pages\/145\/revisions\/429"}],"wp:attachment":[{"href":"https:\/\/paratyplacas.com\/index.php?rest_route=%2Fwp%2Fv2%2Fmedia&parent=145"}],"curies":[{"name":"wp","href":"https:\/\/api.w.org\/{rel}","templated":true}]}}